the prime factors of 1020916?
2, 13, 29, 677
What are the prime factors of 5777584?
2, 263, 1373
What are the prime factors of 15266821?
67, 191, 1193
List the prime factors of 171073.
7, 24439
List the prime factors of 593609.
599, 991
What are the prime factors of 383420?
2, 5, 19, 1009
List the prime factors of 9589804.
2, 7, 23, 14891
What are the prime factors of 193010?
2, 5, 19301
List the prime factors of 1654001.
137, 12073
What are the prime factors of 3550538?
2, 1775269
What are the prime factors of 9680484?
2, 3, 11, 59, 113
What are the prime factors of 2917992?
2, 3, 7, 11, 1579
List the prime factors of 2049112.
2, 13, 17, 19, 61
List the prime factors of 3908975.
5, 7, 3191
List the prime factors of 26498365.
5, 47, 112759
What are the prime factors of 586236?
2, 3, 7, 997
List the prime factors of 311184.
2, 3, 2161
List the prime factors of 113440.
2, 5, 709
List the prime factors of 10612753.
29, 293, 1249
What are the prime factors of 155393?
7, 79, 281
What are the prime factors of 7321304?
2, 907, 1009
What are the prime factors of 4547494?
2, 7, 947
What are the prime factors of 28475?
5, 17, 67
What are the prime factors of 181219?
181219
What are the prime factors of 4733356?
2, 19, 61, 1021
What are the prime factors of 15388687?
15388687
List the prime factors of 6833200.
2, 5, 11, 1553
List the prime factors of 1927108.
2, 29, 37, 449
What are the prime factors of 143212?
2, 35803
What are the prime factors of 141916?
2, 17, 2087
List the prime factors of 2485538.
2, 11, 112979
List the prime factors of 114817.
19, 6043
What are the prime factors of 51623?
11, 13, 19
What are the prime factors of 230010?
2, 3, 5, 11, 17, 41
What are the prime factors of 1112486?
2, 556243
List the prime factors of 15033.
3, 5011
List the prime factors of 19215438.
2, 3, 11, 291143
List the prime factors of 122100.
2, 3, 5, 11, 37
List the prime factors of 1705310.
2, 5, 31, 5501
List the prime factors of 2359317.
3, 23, 31, 1103
What are the prime factors of 157732?
2, 47, 839
List the prime factors of 625836.
2, 3, 52153
List the prime factors of 101023.
13, 19, 409
What are the prime factors of 13404655?
5, 11, 251, 971
List the prime factors of 183142.
2, 91571
What are the prime factors of 691296?
2, 3, 19, 379
What are the prime factors of 719875?
5, 13, 443
List the prime factors of 1939719.
3, 646573
List the prime factors of 678486.
2, 3, 113081
What are the prime factors of 32147330?
2, 5, 23, 59, 103
List the prime factors of 7434550.
2, 5, 148691
List the prime factors of 472938.
2, 3, 78823
List the prime factors of 298054.
2, 149027
List the prime factors of 1239506.
2, 619753
List the prime factors of 643754.
2, 109, 2953
List the prime factors of 76217.
199, 383
What are the prime factors of 774280?
2, 5, 13, 1489
List the prime factors of 157077.
3, 31, 563
List the prime factors of 244616.
2, 30577
What are the prime factors of 9493684?
2, 17, 149, 937
What are the prime factors of 27322200?
2, 3, 5, 43, 353
List the prime factors of 517902.
2, 3, 7, 11, 19, 59
What are the prime factors of 760389?
3, 7, 36209
What are the prime factors of 311507?
7, 44501
What are the prime factors of 300779?
300779
List the prime factors of 144478.
2, 29, 47, 53
What are the prime factors of 397050?
2, 3, 5, 2647
What are the prime factors of 7801281?
3, 181, 4789
What are the prime factors of 5639101?
13, 433777
What are the prime factors of 1538913?
3, 73, 7027
What are the prime factors of 1825756?
2, 456439
List the prime factors of 167070.
2, 3, 5, 5569
What are the prime factors of 185570?
2, 5, 7, 11, 241
List the prime factors of 26212576.
2, 13, 37, 131
List the prime factors of 468202.
2, 7, 53, 631
What are the prime factors of 2965614?
2, 3, 494269
List the prime factors of 695420.
2, 5, 11, 29, 109
List the prime factors of 5811051.
3, 1937017
What are the prime factors of 1256481?
3, 139609
List the prime factors of 1889368.
2, 13, 37, 491
What are the prime factors of 5496206?
2, 19, 53, 2729
What are the prime factors of 13704133?
2347, 5839
What are the prime factors of 1049160?
2, 3, 5, 7, 1249
List the prime factors of 13302313.
17, 782489
List the prime factors of 17531823.
3, 67, 87223
What are the prime factors of 1068550?
2, 5, 7, 43, 71
What are the prime factors of 11481257?
3019, 3803
List the prime factors of 1713676.
2, 257, 1667
List the prime factors of 161633.
19, 47, 181
What are the prime factors of 5185697?
11, 17, 2521
List the prime factors of 2099565.
3, 5, 13, 37, 97
What are the prime factors of 841262?
2, 17, 109, 227
List the prime factors of 61384.
2, 7673
What are the prime factors of 308358?
2, 3, 37, 463
What are the prime factors of 1278567?
3, 19, 7477
List the prime factors of 3127604.
2, 601, 1301
List the prime factors of 116184.
2, 3, 47, 103
List the prime factors of 2157235.
5, 431447
What are the prime factors of 590838?
2, 3, 98473
What are the prime factors of 214539?
3, 13, 5501
List the prime factors of 4544278.
2, 1217, 1867
What are the prime factors of 2721829?
11, 247439
List the prime factors of 989608.
2, 123701
List the prime factors of 11643781.
89, 130829
List the prime factors of 217404.
2, 3, 11, 61
List the prime factors of 10798080.
2, 3, 5, 19, 37
What are the prime factors of 14715363?
3, 13, 127, 2971
What are the prime factors of 140598?
2, 3, 73, 107
What are the prime factors of 688814?
2, 7, 49201
What are the prime factors of 59959?
17, 3527
List the prime factors of 14529207.
3, 7, 11, 62897
What are the prime factors of 806431?
73, 11047
What are the prime factors of 15014723?
17, 61, 14479
What are the prime factors of 644484?
2, 3, 43, 1249
What are the prime factors of 114079?
7, 43, 379
List the prime factors of 536308.
2, 134077
What are the prime factors of 722207?
31, 23297
What are the prime factors of 530011?
79, 6709
What are the prime factors of 745887?
3, 109, 2281
What are the prime factors of 627787?
627787
List the prime factors of 22177.
67, 331
What are the prime factors of 5147260?
2, 5, 17, 15139
List the prime factors of 17340230.
2, 5, 1734023
List the prime factors of 425600.
2, 5, 7, 19
What are the prime factors of 435635?
5, 151, 577
List the prime factors of 1766833.
1193, 1481
What are the prime factors of 1323287?
7, 189041
List the prime factors of 148860.
2, 3, 5, 827
What are the prime factors of 2292042?
2, 3, 17, 23, 977
List the prime factors of 12510769.
97, 101, 1277
List the prime factors of 9188244.
2, 3, 13, 29, 677
What are the prime factors of 2690807?
7, 269, 1429
What are the prime factors of 309130?
2, 5, 19, 1627
What are the prime factors of 14898157?
14898157
What are the prime factors of 21130192?
2, 23, 67, 857
What are the prime factors of 25603442?
2, 1583, 8087
What are the prime factors of 18076265?
5, 67, 53959
What are the prime factors of 249196?
2, 62299
What are the prime factors of 2137649?
53, 761
List the prime factors of 3236882.
2, 11, 23, 6397
What are the prime factors of 155450?
2, 5, 3109
List the prime factors of 148257.
3, 17, 19
List the prime factors of 6461142.
2, 3, 29, 71, 523
What are the prime factors of 2451452?
2, 241, 2543
What are the prime factors of 402811?
229, 1759
List the prime factors of 61287.
3, 31, 659
What are the prime factors of 216331?
227, 953
What are the prime factors of 5193684?
2, 3, 89, 1621
What are the prime factors of 220138?
2, 110069
What are the prime factors of 1829355?
3, 5, 11, 11087
List the prime factors of 132926.
2, 66463
List the prime factors of 153552.
2, 3, 7, 457
List the prime factors of 5215499.
5215499
List the prime factors of 696032.
2, 21751
List the prime factors of 7829935.
5, 1565987
What are the prime factors of 137108?
2, 151, 227
What are the prime factors of 3262812?
2, 3, 7, 31, 179
What are the prime factors of 319325?
5, 53, 241
List the prime factors of 694727.
11, 137, 461
List the prime factors of 768499.
23, 33413
List the prime factors of 8140730.
2, 5, 13, 4817
List the prime factors of 4959518.
2, 1451, 1709
What are the prime factors of 234866?
2, 43, 2731
What are the prime factors of 23081861?
11, 2098351
What are the prime factors of 153702?
2, 3, 8539
What are the prime factors of 4550243?
4550243
What